e prime factors of b.
2, 3, 7
Let g be (-16697)/4 + 21/84. List the prime factors of g/(-6) + ((-42)/(-9))/14.
2, 3, 29
Let u(h) = -h**3 + 6*h**2 + 17*h - 5. Suppose -4*c = -3*c - 8. Let m be u(c). Suppose 3*n - 64 = 5*g + 68, 0 = -g - m. What are the prime factors of n?
3, 13
Suppose 0 = 5*s + 9*s - 70. Suppose s*i + g = 902, -189 + 11 = -i + g. What are the prime factors of i?
2, 3, 5
Let g = -27996 + 41619. What are the prime factors of g?
3, 19, 239
Suppose -41*j + 344 = -49*j. Let s(m) = m**3 + 42*m**2 - 55*m + 13. List the prime factors of s(j).
23
Let n be (-1500)/(-1) + -21 + 18 + -6. Suppose 5*q - j - 7434 = 0, q + j = -3*j + n. What are the prime factors of q?
1487
Let h(g) = 3*g - 69. Let d be h(24). Suppose 0 = d*t - 3*z - 129, 3*t + 2*z = 2*t + 28. Suppose -6 = -x + t. List the prime factors of x.
2, 11
Suppose -2*s - 24705 + 72802 = p, -2*p = -2*s - 96206. What are the prime factors of p?
103, 467
Suppose -x + 4*x - 3*d + 318 = 0, 0 = -x - d - 98. Let g = -102 - x. Suppose g = -7*j + 892 + 529. What are the prime factors of j?
7, 29
Let o(f) = -5*f**3 + 273*f**2 - 75*f - 164. What are the prime factors of o(51)?
42829
Let s be (4 - 5)*(-206 - 5). Suppose -133 = 5*y - 5*h - 668, h = -2*y + s. List the prime factors of y.
2, 53
Suppose 4*i + 17888 = 2*y, -5*y + 44713 = -19*i + 16*i. What are the prime factors of y?
2, 17, 263
Let p(d) = 1575*d**2 - 53*d - 54. What are the prime factors of p(-1)?
2, 787
Let n(l) = -3*l - 4*l + 5 + 6*l - 2*l. Let a be n(0). Suppose -3*w = -b + 144, -a*b - 15*w + 10*w + 700 = 0. List the prime factors of b.
3, 47
Suppose -52*j = -47*j - 2910. Suppose 4*g = -0*g - 5*x + 776, -3*g + j = 2*x. What are the prime factors of g?
2, 97
Suppose 18*h - 32*h - 8908 = -15*h. What are the prime factors of h?
2, 17, 131
Suppose 117918 = 4*w - 2*h - 6692, -w - 4*h + 31139 = 0. What are the prime factors of w?
31151
Let t(g) = -g**3 - 5*g**2 + 7*g + 2. Let c be t(-6). Let d be (6 + (-12)/9)*(-186)/c. What are the prime factors of (-22)/55 - d/(-5)?
43
Let c(w) = -120*w. Let i be c(-1). Suppose i = j - 0*j + 5*y, 3*y = 3*j - 360. Suppose 0 = 8*z - 536 - j. List the prime factors of z.
2, 41
Suppose -10*d + 483 = 103. Suppose -d = -4*v + 234. Let a = -22 + v. What are the prime factors of a?
2, 23
Let w(c) = 911*c + 79. What are the prime factors of w(5)?
2, 7, 331
Let h = -58212 + 82305. List the prime factors of h.
3, 2677
Let d be 6/(-1) - (-110)/11. Let s(v) = 35*v + 6. What are the prime factors of s(d)?
2, 73
Let s(g) = 2998*g + 586. What are the prime factors of s(4)?
2, 19, 331
Let o = 1200 + -565. Suppose 5*r - o = -3*l, 0 = 2*r - l - 106 - 159. What are the prime factors of r?
2, 5, 13
Let m be ((-1)/(4/18))/(4/(-8)). Suppose 4*g + 15 + m = 0. What are the prime factors of 122/g*(-1 - 2)?
61
Suppose -5*w = -3*u - 33324, 4*u + 7836 = 2*w - 5488. List the prime factors of w.
2, 3, 11, 101
Let j(i) = 228*i**2 + 39*i - 97. What are the prime factors of j(7)?
2, 2837
Let d = -60 + 60. Let m = 2 - d. Suppose 0*y = -c - 2*y + 141, -m*c + 3*y = -261. List the prime factors of c.
3, 5
Let y(k) = -2195*k - 5845. List the prime factors of y(-20).
3, 5, 43, 59
Let m = 3759 + 2152. List the prime factors of m.
23, 257
Let a(n) = -5*n - 4. Let b be a(-6). What are the prime factors of (30 - 33) + -12*b/(-4)?
3, 5
Let n(r) = 25*r + 109. Let g be n(-6). Let x = g - -233. What are the prime factors of x?
2, 3
Let o be -1*3/((-24)/40). Suppose 795 = 2*f + o*r, -r - 834 = -2*f - 21. List the prime factors of f.
3, 5
Suppose -111 = -11*t + 8*t. Suppose 0 = r + 4, y + 5*r + t = 11. Let i(m) = -m + 4. List the prime factors of i(y).
2, 5
Let p = -359 - -361. Suppose 3*q + 1262 = p*m - 437, -4*m = 5*q - 3453. List the prime factors of m.
857
Let b(u) = -2387*u + 184. What are the prime factors of b(-11)?
137, 193
Let f be ((-329)/(-21))/(1/2)*-9. Let m = f + 1109. List the prime factors of m.
827
Suppose 0 = 4*s - 825 - 751. Suppose -2*j = -k + 5*k - s, -3*j - 2*k + 575 = 0. What are the prime factors of j?
3, 7
Let r(i) = 2*i**2 + 10*i + 89. Let p = -57 + 42. What are the prime factors of r(p)?
389
Let j(t) = 2*t - 21. Let w be j(12). Suppose w*z + 455 = -a, -3 + 5 = 2*a. Let c = -53 - z. What are the prime factors of c?
3, 11
Let v(n) = 438*n**3 - 3*n**2 + 15*n - 8. What are the prime factors of v(2)?
2, 7, 251
Let q = -16 - -43. Let w = q + -23. Suppose w*m - 8 = f + 81, -4*f = -5*m + 114. What are the prime factors of m?
2, 11
Suppose -9*a - 329 = -2*a. Suppose 108 = -4*g - 4*i, 5*i = -3*g + 36 - 117. Let t = g - a. List the prime factors of t.
2, 5
Suppose -264 = 4*s + 4*x, 4*x = -2*s - 37 - 105. Suppose -1067 = -17*t - 1050. List the prime factors of 6*(1 - (t - s/(-2))).
3, 61
Let v(a) = 6*a**2 + 4*a - 7. Let t(q) = -q**2 + q. Let f(j) = -6*t(j) + v(j). What are the prime factors of f(-2)?
3, 5
Let w = -49 + 121. Let l = 311 - 321. Let a = l + w. List the prime factors of a.
2, 31
Let w(t) = -8807*t - 17. Let o be w(-2). Suppose -29*a = -o - 1543. List the prime factors of a.
2, 3, 5, 11
Suppose -2*z - 563 = c, -c + 19*z - 565 = 22*z. Let d = 11 - c. What are the prime factors of d?
2, 3, 5, 19
Suppose 24*q - 571040 - 154557 - 93835 = 0. What are the prime factors of q?
3, 19, 599
Let f(b) = b**3 + 26*b**2 - 6*b - 38. Let q be -19 + (-3 - (-28)/(-7)). What are the prime factors of f(q)?
2, 59
Let z be ((-9448)/(-28) + -2)*7. Suppose 4*n = 5*l - z, 5*n - n - 1396 = -3*l. List the prime factors of l.
2, 3, 13
Suppose c = 3*a - 59 - 36, -4*c + 40 = 2*a. Suppose 0 = -2*d + 3*t - 140 - a, -5*d + 5*t - 435 = 0. Let q = 120 + d. List the prime factors of q.
29
Suppose 3*f - 5 - 19 = 0. Suppose 3*o - f*o = -2170. What are the prime factors of o?
2, 7, 31
Suppose -39 = 10*s - 23*s. Suppose s*h - 35*p = -32*p + 1512, 0 = 2*h + p - 1002. List the prime factors of h.
2, 251
Let k(z) = -19*z**3 + z**2 - z + 6. Let d(q) = -37*q**3 + 2*q**2 - q + 13. Let c(f) = 2*d(f) - 5*k(f). What are the prime factors of c(3)?
563
Suppose -29*x = -4*q - 24*x + 21444, -3*x = -12. List the prime factors of q.
2, 2683
Let p(t) = t**2 - 18*t + 20. Let j be p(17). Let n(b) = 1 + 7 + 9*b**2 - 6*b - 5*b**3 - 5*b**3 + 9*b**j. What are the prime factors of n(6)?
2, 5
Suppose t - 201 = -70. Let b = t - 131. Suppose 5*m - 1355 = -k + 41, b = -3*m + k + 844. List the prime factors of m.
2, 5, 7
What are the prime factors of 3/1 - (-9057 + 3 - -5)?
2, 31, 73
Let b be 1926/(-41) - (-28)/(-1148). Let u(j) = 7*j**2 + 4*j - 7. Let n be u(5). Let s = b + n. What are the prime factors of s?
3, 47
Suppose 6572 = 8*s - 172. Suppose -s - 851 = -7*u. List the prime factors of u.
2, 11
Let a(k) = 339*k**2 - 120*k + 485. What are the prime factors of a(4)?
61, 89
Let z(y) = 10*y**3 - 1 + 2*y**3 - 9*y**3. Let c be z(1). What are the prime factors of (-14)/(-28) + 161/c?
3
Let y be 0 - (1 - 5) - -13. Let u = y - 18. List the prime factors of u + (-2 - (-4 + -76)).
7, 11
Let f(n) = -1637*n + 4419. List the prime factors of f(-13).
2, 5, 257
Let u(y) = -y**3 - 29*y**2 - y + 222. List the prime factors of u(-35).
7607
Let y = -209 - -283. Suppose p - 3*p = 56. Let d = p + y. List the prime factors of d.
2, 23
Let r be (-26)/(-4)*-65*-2. Suppose -4*s = -5*q + 2170, 3*s - r = -10*q + 8*q. What are the prime factors of q?
2, 5, 43
Let j(v) = 7*v - 71. Let a be j(11). Suppose a*u + 601 = 2665. List the prime factors of u.
2, 43
Let s = -474 + 481. Suppose -1283 - 3729 = -s*v. List the prime factors of v.
2, 179
Let q(h) = h**3 - 8*h**2 - 15*h - 22. Suppose -19*z - 57 + 285 = 0. What are the prime factors of q(z)?
2, 11, 17
Suppose 0 = -544*n + 543*n - 5*b + 10445, 31379 = 3*n + 4*b. List the prime factors of n.
5, 7, 13, 23
Let v(y) = 5496*y**2 - 32*y - 158. What are the prime factors of v(-3)?
2, 17, 1453
Suppose 51*i + 112*i = 224*i - 359473. List the prime factors of i.
71, 83
Let z be (9/(-12))/((-10)/2160). What are the prime factors of (-9)/(z/(-30))*474?
2, 5, 79
What are the prime factors of (-1*47)/((-81)/6399)?
47, 79
Let z(o) = 3*o**2 - 115*o - 669. What are the prime factors of z(105)?
3, 251
Suppose 55393 = -22*i - 60130 + 521621. List the prime factors of i.
3, 7, 293
Let t(w) = -24*w - 15*w + w**3 - 2*w**3 + 42*w - 33*w - 23*w**2 - 60. What are the prime factors of t